[INFO] cloning repository https://github.com/bhearsum/alttpr-solver
[INFO] running `Command { std: "git" "-c" "credential.helper=" "-c" "credential.helper=/workspace/cargo-home/bin/git-credential-null" "clone" "--bare" "https://github.com/bhearsum/alttpr-solver" "/workspace/cache/git-repos/https%3A%2F%2Fgithub.com%2Fbhearsum%2Falttpr-solver", kill_on_drop: false }`
[INFO] [stderr] Cloning into bare repository '/workspace/cache/git-repos/https%3A%2F%2Fgithub.com%2Fbhearsum%2Falttpr-solver'...
[INFO] running `Command { std: "git" "rev-parse" "HEAD", kill_on_drop: false }`
[INFO] [stdout] aeb98651454bf68f4f8fdafe337057a334d3fcea
[INFO] checking bhearsum/alttpr-solver against master#9610dfe5a9a731ced1ea4923ecbd0c57fe367898 for beta-170-4
[INFO] running `Command { std: "git" "clone" "/workspace/cache/git-repos/https%3A%2F%2Fgithub.com%2Fbhearsum%2Falttpr-solver" "/workspace/builds/worker-4-tc1/source", kill_on_drop: false }`
[INFO] [stderr] Cloning into '/workspace/builds/worker-4-tc1/source'...
[INFO] [stderr] done.
[INFO] validating manifest of git repo https://github.com/bhearsum/alttpr-solver on toolchain 9610dfe5a9a731ced1ea4923ecbd0c57fe367898
[INFO] running `Command { std: CARGO_HOME="/workspace/cargo-home" RUSTUP_HOME="/workspace/rustup-home" "/workspace/cargo-home/bin/cargo" "+9610dfe5a9a731ced1ea4923ecbd0c57fe367898" "metadata" "--manifest-path" "Cargo.toml" "--no-deps", kill_on_drop: false }`
[INFO] started tweaking git repo https://github.com/bhearsum/alttpr-solver
[INFO] finished tweaking git repo https://github.com/bhearsum/alttpr-solver
[INFO] tweaked toml for git repo https://github.com/bhearsum/alttpr-solver written to /workspace/builds/worker-4-tc1/source/Cargo.toml
[INFO] crate git repo https://github.com/bhearsum/alttpr-solver already has a lockfile, it will not be regenerated
[INFO] running `Command { std: CARGO_HOME="/workspace/cargo-home" RUSTUP_HOME="/workspace/rustup-home" "/workspace/cargo-home/bin/cargo" "+9610dfe5a9a731ced1ea4923ecbd0c57fe367898" "fetch" "--manifest-path" "Cargo.toml", kill_on_drop: false }`
[INFO] running `Command { std: "docker" "create" "-v" "/var/lib/crater-agent-workspace/builds/worker-4-tc1/target:/opt/rustwide/target:rw,Z" "-v" "/var/lib/crater-agent-workspace/builds/worker-4-tc1/source:/opt/rustwide/workdir:ro,Z" "-v" "/var/lib/crater-agent-workspace/cargo-home:/opt/rustwide/cargo-home:ro,Z" "-v" "/var/lib/crater-agent-workspace/rustup-home:/opt/rustwide/rustup-home:ro,Z" "-e" "SOURCE_DIR=/opt/rustwide/workdir" "-e" "CARGO_TARGET_DIR=/opt/rustwide/target" "-e" "CARGO_HOME=/opt/rustwide/cargo-home" "-e" "RUSTUP_HOME=/opt/rustwide/rustup-home" "-w" "/opt/rustwide/workdir" "-m" "1610612736" "--user" "0:0" "--network" "none" "ghcr.io/rust-lang/crates-build-env/linux@sha256:19e73879b68f455e41552ea35293514db52ea292d993f571636dbffedb77a1ee" "/opt/rustwide/cargo-home/bin/cargo" "+9610dfe5a9a731ced1ea4923ecbd0c57fe367898" "metadata" "--no-deps" "--format-version=1", kill_on_drop: false }`
[INFO] [stdout] 83fb587e7ef866c0615f5a941c01262d42ad8cb6f69fb97c2754f29857ec93ec
[INFO] running `Command { std: "docker" "start" "-a" "83fb587e7ef866c0615f5a941c01262d42ad8cb6f69fb97c2754f29857ec93ec", kill_on_drop: false }`
[INFO] running `Command { std: "docker" "inspect" "83fb587e7ef866c0615f5a941c01262d42ad8cb6f69fb97c2754f29857ec93ec", kill_on_drop: false }`
[INFO] running `Command { std: "docker" "rm" "-f" "83fb587e7ef866c0615f5a941c01262d42ad8cb6f69fb97c2754f29857ec93ec", kill_on_drop: false }`
[INFO] [stdout] 83fb587e7ef866c0615f5a941c01262d42ad8cb6f69fb97c2754f29857ec93ec
[INFO] running `Command { std: "docker" "create" "-v" "/var/lib/crater-agent-workspace/builds/worker-4-tc1/target:/opt/rustwide/target:rw,Z" "-v" "/var/lib/crater-agent-workspace/builds/worker-4-tc1/source:/opt/rustwide/workdir:ro,Z" "-v" "/var/lib/crater-agent-workspace/cargo-home:/opt/rustwide/cargo-home:ro,Z" "-v" "/var/lib/crater-agent-workspace/rustup-home:/opt/rustwide/rustup-home:ro,Z" "-e" "SOURCE_DIR=/opt/rustwide/workdir" "-e" "CARGO_TARGET_DIR=/opt/rustwide/target" "-e" "CARGO_INCREMENTAL=0" "-e" "RUST_BACKTRACE=full" "-e" "RUSTFLAGS=--cap-lints=forbid" "-e" "RUSTDOCFLAGS=--cap-lints=forbid" "-e" "CARGO_HOME=/opt/rustwide/cargo-home" "-e" "RUSTUP_HOME=/opt/rustwide/rustup-home" "-w" "/opt/rustwide/workdir" "-m" "1610612736" "--user" "0:0" "--network" "none" "ghcr.io/rust-lang/crates-build-env/linux@sha256:19e73879b68f455e41552ea35293514db52ea292d993f571636dbffedb77a1ee" "/opt/rustwide/cargo-home/bin/cargo" "+9610dfe5a9a731ced1ea4923ecbd0c57fe367898" "check" "--frozen" "--all" "--all-targets" "--message-format=json", kill_on_drop: false }`
[INFO] [stdout] 20472c2da63fec0918c41534d9da9681a58bc93b121f77e0b2c70f2cd292fa4c
[INFO] running `Command { std: "docker" "start" "-a" "20472c2da63fec0918c41534d9da9681a58bc93b121f77e0b2c70f2cd292fa4c", kill_on_drop: false }`
[INFO] [stderr]     Checking alttpr-solver v0.1.0 (/opt/rustwide/workdir)
[INFO] [stdout] warning: unused import: `std::fmt`
[INFO] [stdout]  --> src/requirements.rs:2:5
[INFO] [stdout]   |
[INFO] [stdout] 2 | use std::fmt;
[INFO] [stdout]   |     ^^^^^^^^
[INFO] [stdout]   |
[INFO] [stdout]   = note: `#[warn(unused_imports)]` on by default
[INFO] [stdout] 
[INFO] [stdout] 
[INFO] [stdout] warning: unused import: `std::fmt`
[INFO] [stdout]  --> src/requirements.rs:2:5
[INFO] [stdout]   |
[INFO] [stdout] 2 | use std::fmt;
[INFO] [stdout]   |     ^^^^^^^^
[INFO] [stdout]   |
[INFO] [stdout]   = note: `#[warn(unused_imports)]` on by default
[INFO] [stdout] 
[INFO] [stdout] 
[INFO] [stdout] error[E0308]: mismatched types
[INFO] [stdout]    --> src/locations.rs:132:13
[INFO] [stdout]     |
[INFO] [stdout] 132 |             &PROGRESSIVEGLOVE,
[INFO] [stdout]     |             ^^^^^^^^^^^^^^^^^ expected `&ItemRequirement`, found `&Item`
[INFO] [stdout]     |
[INFO] [stdout]     = note: expected reference `&'static ItemRequirement`
[INFO] [stdout]                found reference `&items::Item`
[INFO] [stdout] 
[INFO] [stdout] 
[INFO] [stdout] error[E0308]: mismatched types
[INFO] [stdout]    --> src/locations.rs:132:13
[INFO] [stdout]     |
[INFO] [stdout] 132 |             &PROGRESSIVEGLOVE,
[INFO] [stdout]     |             ^^^^^^^^^^^^^^^^^ expected `&ItemRequirement`, found `&Item`
[INFO] [stdout]     |
[INFO] [stdout]     = note: expected reference `&'static ItemRequirement`
[INFO] [stdout]                found reference `&items::Item`
[INFO] [stdout] 
[INFO] [stdout] 
[INFO] [stdout] error[E0308]: mismatched types
[INFO] [stdout]    --> src/locations.rs:192:19
[INFO] [stdout]     |
[INFO] [stdout] 192 |       requires: &[&[LocationRequirement {
[INFO] [stdout]     |  ___________________^
[INFO] [stdout] 193 | |         item: &BIGKEYP1,
[INFO] [stdout] 194 | |         amount: 1,
[INFO] [stdout] 195 | |     }]],
[INFO] [stdout]     | |_____^ expected `&ItemRequirement`, found `LocationRequirement`
[INFO] [stdout] 
[INFO] [stdout] 
[INFO] [stdout] error[E0308]: mismatched types
[INFO] [stdout]    --> src/locations.rs:192:19
[INFO] [stdout]     |
[INFO] [stdout] 192 |       requires: &[&[LocationRequirement {
[INFO] [stdout]     |  ___________________^
[INFO] [stdout] 193 | |         item: &BIGKEYP1,
[INFO] [stdout] 194 | |         amount: 1,
[INFO] [stdout] 195 | |     }]],
[INFO] [stdout]     | |_____^ expected `&ItemRequirement`, found `LocationRequirement`
[INFO] [stdout] 
[INFO] [stdout] 
[INFO] [stdout] error[E0308]: mismatched types
[INFO] [stdout]    --> src/locations.rs:207:19
[INFO] [stdout]     |
[INFO] [stdout] 207 |       requires: &[&[LocationRequirement {
[INFO] [stdout]     |  ___________________^
[INFO] [stdout] 208 | |         item: &LAMP,
[INFO] [stdout] 209 | |         amount: 1,
[INFO] [stdout] 210 | |     }]],
[INFO] [stdout]     | |_____^ expected `&ItemRequirement`, found `LocationRequirement`
[INFO] [stdout] 
[INFO] [stdout] 
[INFO] [stdout] error[E0308]: mismatched types
[INFO] [stdout]    --> src/locations.rs:207:19
[INFO] [stdout]     |
[INFO] [stdout] 207 |       requires: &[&[LocationRequirement {
[INFO] [stdout]     |  ___________________^
[INFO] [stdout] 208 | |         item: &LAMP,
[INFO] [stdout] 209 | |         amount: 1,
[INFO] [stdout] 210 | |     }]],
[INFO] [stdout]     | |_____^ expected `&ItemRequirement`, found `LocationRequirement`
[INFO] [stdout] 
[INFO] [stdout] 
[INFO] [stdout] error[E0308]: mismatched types
[INFO] [stdout]    --> src/locations.rs:222:19
[INFO] [stdout]     |
[INFO] [stdout] 222 |       requires: &[&[LocationRequirement {
[INFO] [stdout]     |  ___________________^
[INFO] [stdout] 223 | |         item: &LAMP,
[INFO] [stdout] 224 | |         amount: 1,
[INFO] [stdout] 225 | |     }]],
[INFO] [stdout]     | |_____^ expected `&ItemRequirement`, found `LocationRequirement`
[INFO] [stdout] 
[INFO] [stdout] 
[INFO] [stdout] error[E0308]: mismatched types
[INFO] [stdout]    --> src/locations.rs:222:19
[INFO] [stdout]     |
[INFO] [stdout] 222 |       requires: &[&[LocationRequirement {
[INFO] [stdout]     |  ___________________^
[INFO] [stdout] 223 | |         item: &LAMP,
[INFO] [stdout] 224 | |         amount: 1,
[INFO] [stdout] 225 | |     }]],
[INFO] [stdout]     | |_____^ expected `&ItemRequirement`, found `LocationRequirement`
[INFO] [stdout] 
[INFO] [stdout] 
[INFO] [stdout] error[E0308]: mismatched types
[INFO] [stdout]    --> src/locations.rs:399:19
[INFO] [stdout]     |
[INFO] [stdout] 399 |       requires: &[&[LocationRequirement {
[INFO] [stdout]     |  ___________________^
[INFO] [stdout] 400 | |         // in non-keysanity, big key's all share the same item value
[INFO] [stdout] 401 | |         // so this usually ends up being not GT's big key
[INFO] [stdout] 402 | |         item: &BIGKEY,
[INFO] [stdout] 403 | |         amount: 1,
[INFO] [stdout] 404 | |     }]],
[INFO] [stdout]     | |_____^ expected `&ItemRequirement`, found `LocationRequirement`
[INFO] [stdout] 
[INFO] [stdout] 
[INFO] [stdout] error[E0308]: mismatched types
[INFO] [stdout]    --> src/locations.rs:399:19
[INFO] [stdout]     |
[INFO] [stdout] 399 |       requires: &[&[LocationRequirement {
[INFO] [stdout]     |  ___________________^
[INFO] [stdout] 400 | |         // in non-keysanity, big key's all share the same item value
[INFO] [stdout] 401 | |         // so this usually ends up being not GT's big key
[INFO] [stdout] 402 | |         item: &BIGKEY,
[INFO] [stdout] 403 | |         amount: 1,
[INFO] [stdout] 404 | |     }]],
[INFO] [stdout]     | |_____^ expected `&ItemRequirement`, found `LocationRequirement`
[INFO] [stdout] 
[INFO] [stdout] 
[INFO] [stdout] error[E0308]: mismatched types
[INFO] [stdout]    --> src/locations.rs:410:19
[INFO] [stdout]     |
[INFO] [stdout] 410 |       requires: &[&[LocationRequirement {
[INFO] [stdout]     |  ___________________^
[INFO] [stdout] 411 | |         item: &PROGRESSIVESWORD,
[INFO] [stdout] 412 | |         amount: 2,
[INFO] [stdout] 413 | |     }]],
[INFO] [stdout]     | |_____^ expected `&ItemRequirement`, found `LocationRequirement`
[INFO] [stdout] 
[INFO] [stdout] 
[INFO] [stdout] error[E0308]: mismatched types
[INFO] [stdout]    --> src/locations.rs:410:19
[INFO] [stdout]     |
[INFO] [stdout] 410 |       requires: &[&[LocationRequirement {
[INFO] [stdout]     |  ___________________^
[INFO] [stdout] 411 | |         item: &PROGRESSIVESWORD,
[INFO] [stdout] 412 | |         amount: 2,
[INFO] [stdout] 413 | |     }]],
[INFO] [stdout]     | |_____^ expected `&ItemRequirement`, found `LocationRequirement`
[INFO] [stdout] 
[INFO] [stdout] 
[INFO] [stdout] error[E0308]: mismatched types
[INFO] [stdout]    --> src/locations.rs:485:19
[INFO] [stdout]     |
[INFO] [stdout] 485 |       requires: &[&[LocationRequirement {
[INFO] [stdout]     |  ___________________^
[INFO] [stdout] 486 | |         item: &BOMB,
[INFO] [stdout] 487 | |         amount: 1,
[INFO] [stdout] 488 | |     }]],
[INFO] [stdout]     | |_____^ expected `&ItemRequirement`, found `LocationRequirement`
[INFO] [stdout] 
[INFO] [stdout] 
[INFO] [stdout] error[E0308]: mismatched types
[INFO] [stdout]    --> src/locations.rs:485:19
[INFO] [stdout]     |
[INFO] [stdout] 485 |       requires: &[&[LocationRequirement {
[INFO] [stdout]     |  ___________________^
[INFO] [stdout] 486 | |         item: &BOMB,
[INFO] [stdout] 487 | |         amount: 1,
[INFO] [stdout] 488 | |     }]],
[INFO] [stdout]     | |_____^ expected `&ItemRequirement`, found `LocationRequirement`
[INFO] [stdout] 
[INFO] [stdout] 
[INFO] [stdout] error[E0308]: mismatched types
[INFO] [stdout]    --> src/locations.rs:494:19
[INFO] [stdout]     |
[INFO] [stdout] 494 |       requires: &[&[LocationRequirement {
[INFO] [stdout]     |  ___________________^
[INFO] [stdout] 495 | |         item: &BOMB,
[INFO] [stdout] 496 | |         amount: 1,
[INFO] [stdout] 497 | |     }]],
[INFO] [stdout]     | |_____^ expected `&ItemRequirement`, found `LocationRequirement`
[INFO] [stdout] 
[INFO] [stdout] 
[INFO] [stdout] error[E0308]: mismatched types
[INFO] [stdout]    --> src/locations.rs:494:19
[INFO] [stdout]     |
[INFO] [stdout] 494 |       requires: &[&[LocationRequirement {
[INFO] [stdout]     |  ___________________^
[INFO] [stdout] 495 | |         item: &BOMB,
[INFO] [stdout] 496 | |         amount: 1,
[INFO] [stdout] 497 | |     }]],
[INFO] [stdout]     | |_____^ expected `&ItemRequirement`, found `LocationRequirement`
[INFO] [stdout] 
[INFO] [stdout] 
[INFO] [stdout] error[E0308]: mismatched types
[INFO] [stdout]    --> src/locations.rs:503:19
[INFO] [stdout]     |
[INFO] [stdout] 503 |       requires: &[&[LocationRequirement {
[INFO] [stdout]     |  ___________________^
[INFO] [stdout] 504 | |         item: &BOMB,
[INFO] [stdout] 505 | |         amount: 1,
[INFO] [stdout] 506 | |     }]],
[INFO] [stdout]     | |_____^ expected `&ItemRequirement`, found `LocationRequirement`
[INFO] [stdout] 
[INFO] [stdout] 
[INFO] [stdout] error[E0308]: mismatched types
[INFO] [stdout]    --> src/locations.rs:503:19
[INFO] [stdout]     |
[INFO] [stdout] 503 |       requires: &[&[LocationRequirement {
[INFO] [stdout]     |  ___________________^
[INFO] [stdout] 504 | |         item: &BOMB,
[INFO] [stdout] 505 | |         amount: 1,
[INFO] [stdout] 506 | |     }]],
[INFO] [stdout]     | |_____^ expected `&ItemRequirement`, found `LocationRequirement`
[INFO] [stdout] 
[INFO] [stdout] 
[INFO] [stdout] error[E0308]: mismatched types
[INFO] [stdout]    --> src/locations.rs:512:19
[INFO] [stdout]     |
[INFO] [stdout] 512 |       requires: &[&[LocationRequirement {
[INFO] [stdout]     |  ___________________^
[INFO] [stdout] 513 | |         item: &LAMP,
[INFO] [stdout] 514 | |         amount: 1,
[INFO] [stdout] 515 | |     }]],
[INFO] [stdout]     | |_____^ expected `&ItemRequirement`, found `LocationRequirement`
[INFO] [stdout] 
[INFO] [stdout] 
[INFO] [stdout] error[E0308]: mismatched types
[INFO] [stdout]    --> src/locations.rs:512:19
[INFO] [stdout]     |
[INFO] [stdout] 512 |       requires: &[&[LocationRequirement {
[INFO] [stdout]     |  ___________________^
[INFO] [stdout] 513 | |         item: &LAMP,
[INFO] [stdout] 514 | |         amount: 1,
[INFO] [stdout] 515 | |     }]],
[INFO] [stdout]     | |_____^ expected `&ItemRequirement`, found `LocationRequirement`
[INFO] [stdout] 
[INFO] [stdout] 
[INFO] [stdout] error[E0308]: mismatched types
[INFO] [stdout]    --> src/locations.rs:707:19
[INFO] [stdout]     |
[INFO] [stdout] 707 |       requires: &[&[LocationRequirement {
[INFO] [stdout]     |  ___________________^
[INFO] [stdout] 708 | |         item: &BIGKEYP2,
[INFO] [stdout] 709 | |         amount: 1,
[INFO] [stdout] 710 | |     }]],
[INFO] [stdout]     | |_____^ expected `&ItemRequirement`, found `LocationRequirement`
[INFO] [stdout] 
[INFO] [stdout] 
[INFO] [stdout] error[E0308]: mismatched types
[INFO] [stdout]    --> src/locations.rs:707:19
[INFO] [stdout]     |
[INFO] [stdout] 707 |       requires: &[&[LocationRequirement {
[INFO] [stdout]     |  ___________________^
[INFO] [stdout] 708 | |         item: &BIGKEYP2,
[INFO] [stdout] 709 | |         amount: 1,
[INFO] [stdout] 710 | |     }]],
[INFO] [stdout]     | |_____^ expected `&ItemRequirement`, found `LocationRequirement`
[INFO] [stdout] 
[INFO] [stdout] 
[INFO] [stdout] error[E0308]: mismatched types
[INFO] [stdout]    --> src/locations.rs:722:19
[INFO] [stdout]     |
[INFO] [stdout] 722 |       requires: &[&[LocationRequirement {
[INFO] [stdout]     |  ___________________^
[INFO] [stdout] 723 | |         item: &PEGASUSBOOTS,
[INFO] [stdout] 724 | |         amount: 1,
[INFO] [stdout] 725 | |     }]],
[INFO] [stdout]     | |_____^ expected `&ItemRequirement`, found `LocationRequirement`
[INFO] [stdout] 
[INFO] [stdout] 
[INFO] [stdout] error[E0308]: mismatched types
[INFO] [stdout]    --> src/locations.rs:722:19
[INFO] [stdout]     |
[INFO] [stdout] 722 |       requires: &[&[LocationRequirement {
[INFO] [stdout]     |  ___________________^
[INFO] [stdout] 723 | |         item: &PEGASUSBOOTS,
[INFO] [stdout] 724 | |         amount: 1,
[INFO] [stdout] 725 | |     }]],
[INFO] [stdout]     | |_____^ expected `&ItemRequirement`, found `LocationRequirement`
[INFO] [stdout] 
[INFO] [stdout] 
[INFO] [stdout] error[E0308]: mismatched types
[INFO] [stdout]    --> src/locations.rs:745:13
[INFO] [stdout]     |
[INFO] [stdout] 745 | /             LocationRequirement {
[INFO] [stdout] 746 | |                 item: &PROGRESSIVEGLOVE,
[INFO] [stdout] 747 | |                 amount: 1,
[INFO] [stdout] 748 | |             },
[INFO] [stdout]     | |_____________^ expected `&ItemRequirement`, found `LocationRequirement`
[INFO] [stdout] 
[INFO] [stdout] 
[INFO] [stdout] error[E0308]: mismatched types
[INFO] [stdout]    --> src/locations.rs:745:13
[INFO] [stdout]     |
[INFO] [stdout] 745 | /             LocationRequirement {
[INFO] [stdout] 746 | |                 item: &PROGRESSIVEGLOVE,
[INFO] [stdout] 747 | |                 amount: 1,
[INFO] [stdout] 748 | |             },
[INFO] [stdout]     | |_____________^ expected `&ItemRequirement`, found `LocationRequirement`
[INFO] [stdout] 
[INFO] [stdout] 
[INFO] [stdout] error[E0308]: mismatched types
[INFO] [stdout]    --> src/locations.rs:751:13
[INFO] [stdout]     |
[INFO] [stdout] 751 | /             LocationRequirement {
[INFO] [stdout] 752 | |                 item: &LAMP,
[INFO] [stdout] 753 | |                 amount: 1,
[INFO] [stdout] 754 | |             },
[INFO] [stdout]     | |_____________^ expected `&ItemRequirement`, found `LocationRequirement`
[INFO] [stdout] 
[INFO] [stdout] 
[INFO] [stdout] error[E0308]: mismatched types
[INFO] [stdout]    --> src/locations.rs:751:13
[INFO] [stdout]     |
[INFO] [stdout] 751 | /             LocationRequirement {
[INFO] [stdout] 752 | |                 item: &LAMP,
[INFO] [stdout] 753 | |                 amount: 1,
[INFO] [stdout] 754 | |             },
[INFO] [stdout]     | |_____________^ expected `&ItemRequirement`, found `LocationRequirement`
[INFO] [stdout] 
[INFO] [stdout] 
[INFO] [stdout] error[E0308]: mismatched types
[INFO] [stdout]    --> src/locations.rs:976:19
[INFO] [stdout]     |
[INFO] [stdout] 976 |       requires: &[&[LocationRequirement {
[INFO] [stdout]     |  ___________________^
[INFO] [stdout] 977 | |         item: &MUSHROOM_ITEM,
[INFO] [stdout] 978 | |         amount: 1,
[INFO] [stdout] 979 | |     }]],
[INFO] [stdout]     | |_____^ expected `&ItemRequirement`, found `LocationRequirement`
[INFO] [stdout] 
[INFO] [stdout] 
[INFO] [stdout] error[E0308]: mismatched types
[INFO] [stdout]    --> src/locations.rs:976:19
[INFO] [stdout]     |
[INFO] [stdout] 976 |       requires: &[&[LocationRequirement {
[INFO] [stdout]     |  ___________________^
[INFO] [stdout] 977 | |         item: &MUSHROOM_ITEM,
[INFO] [stdout] 978 | |         amount: 1,
[INFO] [stdout] 979 | |     }]],
[INFO] [stdout]     | |_____^ expected `&ItemRequirement`, found `LocationRequirement`
[INFO] [stdout] 
[INFO] [stdout] 
[INFO] [stdout] error[E0308]: mismatched types
[INFO] [stdout]     --> src/locations.rs:1039:19
[INFO] [stdout]      |
[INFO] [stdout] 1039 |       requires: &[&[LocationRequirement {
[INFO] [stdout]      |  ___________________^
[INFO] [stdout] 1040 | |         item: &MOONPEARL,
[INFO] [stdout] 1041 | |         amount: 1,
[INFO] [stdout] 1042 | |     }]],
[INFO] [stdout]      | |_____^ expected `&ItemRequirement`, found `LocationRequirement`
[INFO] [stdout] 
[INFO] [stdout] 
[INFO] [stdout] error[E0308]: mismatched types
[INFO] [stdout]     --> src/locations.rs:1039:19
[INFO] [stdout]      |
[INFO] [stdout] 1039 |       requires: &[&[LocationRequirement {
[INFO] [stdout]      |  ___________________^
[INFO] [stdout] 1040 | |         item: &MOONPEARL,
[INFO] [stdout] 1041 | |         amount: 1,
[INFO] [stdout] 1042 | |     }]],
[INFO] [stdout]      | |_____^ expected `&ItemRequirement`, found `LocationRequirement`
[INFO] [stdout] 
[INFO] [stdout] 
[INFO] [stdout] error[E0308]: mismatched types
[INFO] [stdout]     --> src/locations.rs:1512:19
[INFO] [stdout]      |
[INFO] [stdout] 1512 |       requires: &[&[LocationRequirement {
[INFO] [stdout]      |  ___________________^
[INFO] [stdout] 1513 | |         item: &LAMP,
[INFO] [stdout] 1514 | |         amount: 1,
[INFO] [stdout] 1515 | |     }]],
[INFO] [stdout]      | |_____^ expected `&ItemRequirement`, found `LocationRequirement`
[INFO] [stdout] 
[INFO] [stdout] 
[INFO] [stdout] error[E0308]: mismatched types
[INFO] [stdout]     --> src/locations.rs:1512:19
[INFO] [stdout]      |
[INFO] [stdout] 1512 |       requires: &[&[LocationRequirement {
[INFO] [stdout]      |  ___________________^
[INFO] [stdout] 1513 | |         item: &LAMP,
[INFO] [stdout] 1514 | |         amount: 1,
[INFO] [stdout] 1515 | |     }]],
[INFO] [stdout]      | |_____^ expected `&ItemRequirement`, found `LocationRequirement`
[INFO] [stdout] 
[INFO] [stdout] 
[INFO] [stdout] error[E0308]: mismatched types
[INFO] [stdout]   --> src/requirements.rs:22:5
[INFO] [stdout]    |
[INFO] [stdout] 22 |     &PROGRESSIVEGLOVE && (&LAMP || &FIREROD)
[INFO] [stdout]    |     ^^^^^^^^^^^^^^^^^ expected `bool`, found `&Item`
[INFO] [stdout] 
[INFO] [stdout] 
[INFO] [stdout] error[E0308]: mismatched types
[INFO] [stdout]   --> src/requirements.rs:22:5
[INFO] [stdout]    |
[INFO] [stdout] 22 |     &PROGRESSIVEGLOVE && (&LAMP || &FIREROD)
[INFO] [stdout]    |     ^^^^^^^^^^^^^^^^^ expected `bool`, found `&Item`
[INFO] [stdout] 
[INFO] [stdout] 
[INFO] [stdout] error[E0308]: mismatched types
[INFO] [stdout]   --> src/requirements.rs:22:27
[INFO] [stdout]    |
[INFO] [stdout] 22 |     &PROGRESSIVEGLOVE && (&LAMP || &FIREROD)
[INFO] [stdout]    |                           ^^^^^ expected `bool`, found `&Item`
[INFO] [stdout] 
[INFO] [stdout] 
[INFO] [stdout] error[E0308]: mismatched types
[INFO] [stdout]   --> src/requirements.rs:22:27
[INFO] [stdout]    |
[INFO] [stdout] 22 |     &PROGRESSIVEGLOVE && (&LAMP || &FIREROD)
[INFO] [stdout]    |                           ^^^^^ expected `bool`, found `&Item`
[INFO] [stdout] 
[INFO] [stdout] 
[INFO] [stdout] error[E0308]: mismatched types
[INFO] [stdout]   --> src/requirements.rs:22:36
[INFO] [stdout]    |
[INFO] [stdout] 22 |     &PROGRESSIVEGLOVE && (&LAMP || &FIREROD)
[INFO] [stdout]    |                                    ^^^^^^^^ expected `bool`, found `&Item`
[INFO] [stdout] 
[INFO] [stdout] 
[INFO] [stdout] error[E0308]: mismatched types
[INFO] [stdout]   --> src/requirements.rs:22:36
[INFO] [stdout]    |
[INFO] [stdout] 22 |     &PROGRESSIVEGLOVE && (&LAMP || &FIREROD)
[INFO] [stdout]    |                                    ^^^^^^^^ expected `bool`, found `&Item`
[INFO] [stdout] 
[INFO] [stdout] 
[INFO] [stdout] error[E0308]: mismatched types
[INFO] [stdout]   --> src/requirements.rs:22:5
[INFO] [stdout]    |
[INFO] [stdout] 22 |     &PROGRESSIVEGLOVE && (&LAMP || &FIREROD)
[INFO] [stdout]    |     ^^^^^^^^^^^^^^^^^^^^^^^^^^^^^^^^^^^^^^^^ expected `&Item`, found `bool`
[INFO] [stdout] 
[INFO] [stdout] 
[INFO] [stdout] error[E0308]: mismatched types
[INFO] [stdout]   --> src/requirements.rs:22:5
[INFO] [stdout]    |
[INFO] [stdout] 22 |     &PROGRESSIVEGLOVE && (&LAMP || &FIREROD)
[INFO] [stdout]    |     ^^^^^^^^^^^^^^^^^^^^^^^^^^^^^^^^^^^^^^^^ expected `&Item`, found `bool`
[INFO] [stdout] 
[INFO] [stdout] 
[INFO] [stdout] error[E0609]: no field `item` on type `&&ItemRequirement`
[INFO] [stdout]   --> src/locations.rs:63:69
[INFO] [stdout]    |
[INFO] [stdout] 63 |                     let locs = get_locations_by_item(loc_items, req.item);
[INFO] [stdout]    |                                                                     ^^^^
[INFO] [stdout] 
[INFO] [stdout] 
[INFO] [stdout] error[E0609]: no field `item` on type `&&ItemRequirement`
[INFO] [stdout]   --> src/locations.rs:63:69
[INFO] [stdout]    |
[INFO] [stdout] 63 |                     let locs = get_locations_by_item(loc_items, req.item);
[INFO] [stdout]    |                                                                     ^^^^
[INFO] [stdout] 
[INFO] [stdout] 
[INFO] [stdout] error[E0609]: no field `amount` on type `&&ItemRequirement`
[INFO] [stdout]   --> src/locations.rs:66:37
[INFO] [stdout]    |
[INFO] [stdout] 66 |                     for i in 0..req.amount {
[INFO] [stdout]    |                                     ^^^^^^
[INFO] [stdout] 
[INFO] [stdout] 
[INFO] [stdout] error[E0609]: no field `amount` on type `&&ItemRequirement`
[INFO] [stdout]   --> src/locations.rs:66:37
[INFO] [stdout]    |
[INFO] [stdout] 66 |                     for i in 0..req.amount {
[INFO] [stdout]    |                                     ^^^^^^
[INFO] [stdout] 
[INFO] [stdout] 
[INFO] [stdout] error[E0609]: no field `item` on type `&&ItemRequirement`
[INFO] [stdout]   --> src/locations.rs:69:76
[INFO] [stdout]    |
[INFO] [stdout] 69 | ...                   None => println!("Couldn't get enough {}", req.item.name),
[INFO] [stdout]    |                                                                      ^^^^
[INFO] [stdout] 
[INFO] [stdout] 
[INFO] [stdout] error[E0609]: no field `item` on type `&&ItemRequirement`
[INFO] [stdout]   --> src/locations.rs:69:76
[INFO] [stdout]    |
[INFO] [stdout] 69 | ...                   None => println!("Couldn't get enough {}", req.item.name),
[INFO] [stdout]    |                                                                      ^^^^
[INFO] [stdout] 
[INFO] [stdout] 
[INFO] [stdout] error[E0609]: no field `item` on type `&ItemRequirement`
[INFO] [stdout]   --> src/locations.rs:90:82
[INFO] [stdout]    |
[INFO] [stdout] 90 |             let locs: Vec<&Location> = get_locations_by_item(loc_items, &reqs[0].item);
[INFO] [stdout]    |                                                                                  ^^^^
[INFO] [stdout] 
[INFO] [stdout] 
[INFO] [stdout] error[E0609]: no field `item` on type `&ItemRequirement`
[INFO] [stdout]   --> src/locations.rs:90:82
[INFO] [stdout]    |
[INFO] [stdout] 90 |             let locs: Vec<&Location> = get_locations_by_item(loc_items, &reqs[0].item);
[INFO] [stdout]    |                                                                                  ^^^^
[INFO] [stdout] 
[INFO] [stdout] 
[INFO] [stdout] error[E0609]: no field `amount` on type `&ItemRequirement`
[INFO] [stdout]   --> src/locations.rs:91:33
[INFO] [stdout]    |
[INFO] [stdout] 91 |             for i in 0..reqs[0].amount {
[INFO] [stdout]    |                                 ^^^^^^
[INFO] [stdout] 
[INFO] [stdout] 
[INFO] [stdout] error[E0609]: no field `amount` on type `&ItemRequirement`
[INFO] [stdout]   --> src/locations.rs:91:33
[INFO] [stdout]    |
[INFO] [stdout] 91 |             for i in 0..reqs[0].amount {
[INFO] [stdout]    |                                 ^^^^^^
[INFO] [stdout] 
[INFO] [stdout] 
[INFO] [stdout] error[E0609]: no field `item` on type `&ItemRequirement`
[INFO] [stdout]    --> src/locations.rs:102:72
[INFO] [stdout]     |
[INFO] [stdout] 102 |                     None => println!("Couldn't get enough {}", reqs[0].item.name),
[INFO] [stdout]     |                                                                        ^^^^
[INFO] [stdout] 
[INFO] [stdout] 
[INFO] [stdout] error[E0609]: no field `item` on type `&ItemRequirement`
[INFO] [stdout]    --> src/locations.rs:102:72
[INFO] [stdout]     |
[INFO] [stdout] 102 |                     None => println!("Couldn't get enough {}", reqs[0].item.name),
[INFO] [stdout]     |                                                                        ^^^^
[INFO] [stdout] 
[INFO] [stdout] 
[INFO] [stdout] error[E0277]: `locations::Location` doesn't implement `Debug`
[INFO] [stdout]   --> src/main.rs:40:9
[INFO] [stdout]    |
[INFO] [stdout] 40 |         locations::DESERT_PALACE_BOSS.find_dependencies(&loc_items)
[INFO] [stdout]    |         ^^^^^^^^^^^^^^^^^^^^^^^^^^^^^^^^^^^^^^^^^^^^^^^^^^^^^^^^^^^ `locations::Location` cannot be formatted using `{:?}`
[INFO] [stdout]    |
[INFO] [stdout]    = help: the trait `Debug` is not implemented for `locations::Location`
[INFO] [stdout]    = note: add `#[derive(Debug)]` to `locations::Location` or manually `impl Debug for locations::Location`
[INFO] [stdout]    = help: the trait `Debug` is implemented for `Vec<T, A>`
[INFO] [stdout]    = note: this error originates in the macro `$crate::format_args_nl` which comes from the expansion of the macro `println` (in Nightly builds, run with -Z macro-backtrace for more info)
[INFO] [stdout] 
[INFO] [stdout] 
[INFO] [stdout] error[E0277]: `locations::Location` doesn't implement `Debug`
[INFO] [stdout]   --> src/main.rs:40:9
[INFO] [stdout]    |
[INFO] [stdout] 40 |         locations::DESERT_PALACE_BOSS.find_dependencies(&loc_items)
[INFO] [stdout]    |         ^^^^^^^^^^^^^^^^^^^^^^^^^^^^^^^^^^^^^^^^^^^^^^^^^^^^^^^^^^^ `locations::Location` cannot be formatted using `{:?}`
[INFO] [stdout]    |
[INFO] [stdout]    = help: the trait `Debug` is not implemented for `locations::Location`
[INFO] [stdout]    = note: add `#[derive(Debug)]` to `locations::Location` or manually `impl Debug for locations::Location`
[INFO] [stdout]    = help: the trait `Debug` is implemented for `Vec<T, A>`
[INFO] [stdout]    = note: this error originates in the macro `$crate::format_args_nl` which comes from the expansion of the macro `println` (in Nightly builds, run with -Z macro-backtrace for more info)
[INFO] [stdout] 
[INFO] [stdout] 
[INFO] [stdout] error[E0277]: `ItemRequirement` doesn't implement `Debug`
[INFO] [stdout]   --> src/main.rs:45:9
[INFO] [stdout]    |
[INFO] [stdout] 45 |         locations::GANONS_TOWER_GANON_BOSS.requires
[INFO] [stdout]    |         ^^^^^^^^^^^^^^^^^^^^^^^^^^^^^^^^^^^^^^^^^^^ `ItemRequirement` cannot be formatted using `{:?}`
[INFO] [stdout]    |
[INFO] [stdout]    = help: the trait `Debug` is not implemented for `ItemRequirement`
[INFO] [stdout]    = note: add `#[derive(Debug)]` to `ItemRequirement` or manually `impl Debug for ItemRequirement`
[INFO] [stdout]    = help: the following other types implement trait `Debug`:
[INFO] [stdout]              [T; N]
[INFO] [stdout]              [T]
[INFO] [stdout]    = note: this error originates in the macro `$crate::format_args_nl` which comes from the expansion of the macro `println` (in Nightly builds, run with -Z macro-backtrace for more info)
[INFO] [stdout] help: consider annotating `ItemRequirement` with `#[derive(Debug)]`
[INFO] [stdout]   --> src/locations.rs:18:1
[INFO] [stdout]    |
[INFO] [stdout] 18 + #[derive(Debug)]
[INFO] [stdout] 19 | 
[INFO] [stdout]    |
[INFO] [stdout] 
[INFO] [stdout] 
[INFO] [stdout] error[E0277]: `ItemRequirement` doesn't implement `Debug`
[INFO] [stdout]   --> src/main.rs:45:9
[INFO] [stdout]    |
[INFO] [stdout] 45 |         locations::GANONS_TOWER_GANON_BOSS.requires
[INFO] [stdout]    |         ^^^^^^^^^^^^^^^^^^^^^^^^^^^^^^^^^^^^^^^^^^^ `ItemRequirement` cannot be formatted using `{:?}`
[INFO] [stdout]    |
[INFO] [stdout]    = help: the trait `Debug` is not implemented for `ItemRequirement`
[INFO] [stdout]    = note: add `#[derive(Debug)]` to `ItemRequirement` or manually `impl Debug for ItemRequirement`
[INFO] [stdout]    = help: the following other types implement trait `Debug`:
[INFO] [stdout]              [T; N]
[INFO] [stdout]              [T]
[INFO] [stdout]    = note: this error originates in the macro `$crate::format_args_nl` which comes from the expansion of the macro `println` (in Nightly builds, run with -Z macro-backtrace for more info)
[INFO] [stdout] help: consider annotating `ItemRequirement` with `#[derive(Debug)]`
[INFO] [stdout]   --> src/locations.rs:18:1
[INFO] [stdout]    |
[INFO] [stdout] 18 + #[derive(Debug)]
[INFO] [stdout] 19 | 
[INFO] [stdout]    |
[INFO] [stdout] 
[INFO] [stdout] 
[INFO] [stdout] error[E0277]: `locations::Location` doesn't implement `Debug`
[INFO] [stdout]   --> src/main.rs:49:9
[INFO] [stdout]    |
[INFO] [stdout] 49 |         locations::GANONS_TOWER_GANON_BOSS.find_path(&loc_items)
[INFO] [stdout]    |         ^^^^^^^^^^^^^^^^^^^^^^^^^^^^^^^^^^^^^^^^^^^^^^^^^^^^^^^^ `locations::Location` cannot be formatted using `{:?}`
[INFO] [stdout]    |
[INFO] [stdout]    = help: the trait `Debug` is not implemented for `locations::Location`
[INFO] [stdout]    = note: add `#[derive(Debug)]` to `locations::Location` or manually `impl Debug for locations::Location`
[INFO] [stdout]    = help: the trait `Debug` is implemented for `Vec<T, A>`
[INFO] [stdout]    = note: this error originates in the macro `$crate::format_args_nl` which comes from the expansion of the macro `println` (in Nightly builds, run with -Z macro-backtrace for more info)
[INFO] [stdout] 
[INFO] [stdout] 
[INFO] [stdout] error[E0277]: `locations::Location` doesn't implement `Debug`
[INFO] [stdout]   --> src/main.rs:49:9
[INFO] [stdout]    |
[INFO] [stdout] 49 |         locations::GANONS_TOWER_GANON_BOSS.find_path(&loc_items)
[INFO] [stdout]    |         ^^^^^^^^^^^^^^^^^^^^^^^^^^^^^^^^^^^^^^^^^^^^^^^^^^^^^^^^ `locations::Location` cannot be formatted using `{:?}`
[INFO] [stdout]    |
[INFO] [stdout]    = help: the trait `Debug` is not implemented for `locations::Location`
[INFO] [stdout]    = note: add `#[derive(Debug)]` to `locations::Location` or manually `impl Debug for locations::Location`
[INFO] [stdout]    = help: the trait `Debug` is implemented for `Vec<T, A>`
[INFO] [stdout]    = note: this error originates in the macro `$crate::format_args_nl` which comes from the expansion of the macro `println` (in Nightly builds, run with -Z macro-backtrace for more info)
[INFO] [stdout] 
[INFO] [stdout] 
[INFO] [stdout] error: aborting due to 30 previous errors; 1 warning emitted
[INFO] [stdout] 
[INFO] [stdout] 
[INFO] [stdout] Some errors have detailed explanations: E0277, E0308, E0609.
[INFO] [stdout] 
[INFO] [stdout] For more information about an error, try `rustc --explain E0277`.
[INFO] [stdout] 
[INFO] [stdout] error: aborting due to 30 previous errors; 1 warning emitted
[INFO] [stdout] 
[INFO] [stdout] 
[INFO] [stdout] Some errors have detailed explanations: E0277, E0308, E0609.
[INFO] [stdout] 
[INFO] [stdout] For more information about an error, try `rustc --explain E0277`.
[INFO] [stdout] 
[INFO] [stderr] error: could not compile `alttpr-solver` (bin "alttpr-solver") due to 31 previous errors; 1 warning emitted
[INFO] [stderr] warning: build failed, waiting for other jobs to finish...
[INFO] [stderr] error: could not compile `alttpr-solver` (bin "alttpr-solver" test) due to 31 previous errors; 1 warning emitted
[INFO] running `Command { std: "docker" "inspect" "20472c2da63fec0918c41534d9da9681a58bc93b121f77e0b2c70f2cd292fa4c", kill_on_drop: false }`
[INFO] running `Command { std: "docker" "rm" "-f" "20472c2da63fec0918c41534d9da9681a58bc93b121f77e0b2c70f2cd292fa4c", kill_on_drop: false }`
[INFO] [stdout] 20472c2da63fec0918c41534d9da9681a58bc93b121f77e0b2c70f2cd292fa4c
